0653534
In base 15, what is 1 + -1aba77?
-1aba76
In base 14, what is -16 - -499cd?
499b7
In base 5, what is -123412334 + 24034?
-123333300
In base 13, what is -a676 - -a028?
-64b
In base 15, what is 24 + -bc20c2?
-bc209d
In base 2, what is 110 - -100111101101010101101?
100111101101010110011
In base 14, what is -29718 - -95?
-29663
In base 14, what is -24 - 34873?
-34897
In base 10, what is 873 - 99?
774
In base 13, what is 930c8 - -1?
930c9
In base 4, what is 30322123233 - 1020?
30322122213
In base 4, what is -122220 - 310333122?
-311122002
In base 16, what is -242b + 1138a?
ef5f
In base 3, what is 112102001111 + -12111?
112101212000
In base 15, what is 116e63 - 2?
116e61
In base 15, what is -2d + 12879b?
12876d
In base 9, what is -2216 + 8182?
5865
In base 2, what is 1000001101110010110 + 1010011001?
1000001111000101111
In base 7, what is 24631 + 322032?
346663
In base 7, what is -211552 - 4524?
-216406
In base 13, what is 3a - -52c83c?
52c879
In base 2, what is -10001 - -101110100101111110010?
101110100101111100001
In base 5, what is -412400242312 - -2?
-412400242310
In base 3, what is 1 - -101100112001202?
101100112001210
In base 2, what is 11110001100011000100010 - 0?
11110001100011000100010
In base 4, what is 310230 + -200?
310030
In base 16, what is -23bf2f6 + -1?
-23bf2f7
In base 2, what is 10000111 - 101100111100100010110?
-101100111100010001111
In base 13, what is 4 + 3cb5b19?
3cb5b20
In base 14, what is 3ca - -6bb7a?
6c166
In base 12, what is -a09 - -74555?
73748
In base 6, what is -3104103502 + 0?
-3104103502
In base 9, what is 16228576 - -15?
16228602
In base 10, what is -53 - -591938?
591885
In base 4, what is 102 + -1123302020?
-1123301312
In base 13, what is -127 + 19ca?
18a3
In base 2, what is -1101010101111101010 + 11000?
-1101010101111010010
In base 7, what is 1515 - -106611?
111426
In base 16, what is 32708 - e?
326fa
In base 13, what is 1633 - -1a96?
33c9
In base 14, what is -3cd9c - -168?
-3cc34
In base 13, what is 4 + 446ba?
446c1
In base 7, what is -266220 - -20?
-266200
In base 7, what is -1336 + 202466?
201130
In base 12, what is 7b2a10 - -8?
7b2a18
In base 3, what is 1002102000121 - -12001?
1002102012122
In base 16, what is -6 - -27b1b5d?
27b1b57
In base 13, what is 29 - -12c143?
12c16c
In base 4, what is -32 + -32130212?
-32130310
In base 4, what is -2 - -11202210221231?
11202210221223
In base 16, what is -46512 - -1f?
-464f3
In base 13, what is -b181 + -177?
-b328
In base 13, what is 141 - 9689?
-9548
In base 2, what is -1101100111110011110010 - -100110?
-1101100111110011001100
In base 2, what is 111001011110111101 - 101101?
111001011110010000
In base 15, what is -5 + b0a4?
b09e
In base 3, what is 102210102010 + 101110?
102210210120
In base 15, what is -5bb3c + -4ea?
-5c137
In base 12, what is 3bbb7 + 886?
40881
In base 4, what is -33202131 + 121?
-33202010
In base 8, what is -12 + -6120146?
-6120160
In base 16, what is 42 - a226b?
-a2229
In base 15, what is 6d4c + -158b?
57b1
In base 8, what is 62 - -7360?
7442
In base 3, what is 11 - 122011020?
-122011002
In base 11, what is 1a2 + -729512?
-729320
In base 13, what is -1a - cb303?
-cb320
In base 16, what is 3a8 - 1f5?
1b3
In base 12, what is -232 - -ba03?
b791
In base 11, what is 18201 - -388a?
20a90
In base 10, what is -2850 + -1299?
-4149
In base 10, what is 5583 - -4745?
10328
In base 4, what is -12311101100232 - 0?
-12311101100232
In base 11, what is -345a066 - -11?
-345a055
In base 14, what is -2a6879 + -4?
-2a687d
In base 9, what is 310557823 + -4?
310557818
In base 11, what is 1003823 + 10a?
1003932
In base 4, what is 1000 - -1131300203?
1131301203
In base 5, what is -222013 + -10412?
-232430
In base 5, what is 101313332 - 24?
101313303
In base 15, what is 116e67 - 3?
116e64
In base 4, what is -1 - -2332312022121?
2332312022120
In base 14, what is -8bd436 + 3?
-8bd433
In base 2, what is -11010 - -100111101110001010011?
100111101110000111001
In base 16, what is 22f - -6ce59?
6d088
In base 13, what is -1c + 1b01a9a?
1b01a7b
In base 5, what is 123 + 4332231?
4332404
In base 9, what is -36 - -163232?
163185
In base 5, what is 1311033 - -232?
1311320
In base 6, what is 2220340022 + -2?
2220340020
In base 4, what is -11012001222121 + -2?
-11012001222123
In base 15, what is 1c9ce17 - 5?
1c9ce12
In base 14, what is 4 + 6c675?
6c679
In base 4, what is 111132 - 330333?
-213201
In base 16, what is -3b2 - 1bb08?
-1beba
In base 14, what is -510bb - 15?
-510d2
In base 3, what is 1011200211 - -110020?
1012011001
In base 8, what is -22 + 23200146?
23200124
In base 6, what is 11142 - -1314050?
1325232
In base 7, what is -3 - 362031552?
-362031555
In base 3, what is 120 - 2000010212100?
-2000010211210
In base 7, what is 135 + 42112?
42250
In base 9, what is 2 + 320526434?
320526436
In base 8, what is -374024716 + 0?
-374024716
In base 16, what is 99e - -599?
f37
In base 3, what is 2012201 - -11100220?
20120121
In base 6, what is 13303522 + -14?
13303504
In base 6, what is -353 + -12355332?
-12400125
In base 14, what is 2d0297b + -5?
2d02976
In base 12, what is -7b716a + 7?
-7b7163
In base 5, what is -432314331 - -3014?
-432311312
In base 3, what is -2220220210110210 + 11?
-2220220210110122
In base 12, what is -51 - -193436?
1933a5
In base 6, what is 2 + 10043150542?
10043150544
In base 11, what is 2 + 121a201?
121a203
In base 7, what is 2 - -1502254154?
1502254156
In base 11, what is -1646a49 + a?
-1646a3a
In base 13, what is -5203 - 12637?
-1783a
In base 13, what is 47 - -766b?
76b5
In base 7, what is 61 - -226553352?
226553443
In base 13, what is 3 + 222364?
222367
In base 8, what is 2 - 510514517?
-510514515
In base 14, what is d53 - -1249b?
13410
In base 13, what is -217 + -7b67?
-8081
In base 3, what is -1211 + 20011122101?
20011120120
In base 3, what is -2101110111 - -211100010?
-1120010101
In base 16, what is -f084c - 0?
-f084c
In base 13, what is -72a5c03 + 14?
-72a5bbc
In base 11, what is 1 - -1661840?
1661841
In base 3, what is 1210112022100 - 211?
1210112021112
In base 4, what is 12231011 + 22000?
12313011
In base 4, what is -2313201 - -13230?
-2233311
In base 6, what is -4 + -30343213435?
-30343213443
In base 7, what is -2 - 3031620?
-3031622
In base 3, what is -1 + -1112220002001122?
-1112220002001200
In base 14, what is -6849 - -11d?
-672a
In base 3, what is -121 + 102111122000?
102111121102
In base 14, what is -1 - -4020603?
4020602
In base 16, what is 74 - 2100?
-208c
In base 5, what is -3 + -232320341?
-232320344
In base 10, what is -529429 - -144?
-529285
In base 12, what is -5918 - 3028?
-8944
In base 2, what is 100000 - 1001101010100011000001?
-1001101010100010100001
In base 12, what is -1a - -862787a?
8627860
In base 6, what is -435 - 24342453?
-24343332
In base 9, what is -4 + 463602282?
463602277
In base 6, what is -3153211 - 201?
-3153412
In base 14, what is 3 - 13400bb?
-13400b8
In base 10, what is 1196823 + 2?
1196825
In base 16, what is 23ac54 - 1b5?
23aa9f
In base 3, what is 12 - -2001012110112122?
2001012110112211
In base 15, what is 23 + -eb612?
-eb5de
In base 14, what is -89a + bb2?
316
In base 15, what is 21e49 + c8?
22022
In base 8, what is -2514117 - 10?
-2514127
In base 7, what is 115561 - -4300?
123161
In base 11, what is -148691 - -269?
-148423
In base 9, what is 3200 - 35506?
-32306
In base 5, what is 2000440233 + 424?
2000441212
In base 13, what is 2593b - 134?
25807
In base 8, what is 1644234 - -32?
1644266
In base 5, what is -1 + -130222320420?
-130222320421
In base 12, what is 31079 + 45?
31102
In base 14, what is -100 + -db56d?
-db66d
In base 12, what is -6 - -43946915?
4394690b
In base 7, what is -3 - -3230001064?
3230001061
In base 3, what is -1200100220201122 - 1111?
-1200100220210010
In base 14, what is -1 - 6899b2?
-6899b3
In base 9, what is 5 + 3714008?
3714014
In base 9, what is -58 - 770346?
-770415
In base 16, what is -14a2e1 - d?
-14a2ee
In base 4, what is 3222310113 - -300?
3222311013
In base 12, what is -b4a67 + -195?
-b5040
In base 8, what is -22345 - -6375?
-13750
In base 2, what is -11 + -111001111000101000000010?
-111001111000101000000101
In base 4, what is 2221110 + 20132?
2301302
In base 7, what is -3010364 - 101?
-3010465
In base 7, what is -2522420322 - 12?
-2522420334
In base 12, what is 5 - 7361b2b0?
-7361b